{"id":162,"date":"2012-08-08T12:41:33","date_gmt":"2012-08-08T10:41:33","guid":{"rendered":"http:\/\/perryfs.pf-control.de\/gp\/?page_id=162"},"modified":"2018-08-28T11:02:31","modified_gmt":"2018-08-28T09:02:31","slug":"zuchtstuten","status":"publish","type":"page","link":"http:\/\/www.gestuet-pfalzblick.de\/Wordpress\/gestut\/zuchtstuten\/","title":{"rendered":"Zuchtstuten"},"content":{"rendered":"<p><strong>Wir z\u00fcchten haupts\u00e4chlich mit PRE-Stuten. \u00a0Diese werden von qualit\u00e4tsvollen Hengsten belegt um Fohlen mit guten Voraussetzungen\u00a0f\u00fcr den Sport und bestem Charakter zu z\u00fcchten. Die Stuten d\u00fcrfen ihre Fohlen im Herdenverband aufziehen, dies ist der erste Grundstein\u00a0f\u00fcr gesunde und gut sozialisierte Jungpferde.<\/strong><\/p>\n<p>&nbsp;<\/p>\n<p><a href=\"http:\/\/gestuet-pfalzblick.de\/Wordpress\/wp-content\/uploads\/2012\/10\/img_2139.jpg\"><img loading=\"lazy\" class=\"alignleft size-medium wp-image-3334\" src=\"http:\/\/gestuet-pfalzblick.de\/Wordpress\/wp-content\/uploads\/2012\/10\/img_2139-300x200.jpg\" alt=\"img_2139\" width=\"300\" height=\"200\" srcset=\"http:\/\/www.gestuet-pfalzblick.de\/Wordpress\/wp-content\/uploads\/2012\/10\/img_2139-300x200.jpg 300w, http:\/\/www.gestuet-pfalzblick.de\/Wordpress\/wp-content\/uploads\/2012\/10\/img_2139-1024x683.jpg 1024w\" sizes=\"(max-width: 300px) 100vw, 300px\" \/><\/a><\/p>\n","protected":false},"excerpt":{"rendered":"<p>Wir z\u00fcchten haupts\u00e4chlich mit PRE-Stuten. \u00a0Diese werden von qualit\u00e4tsvollen Hengsten belegt um Fohlen mit guten Voraussetzungen\u00a0f\u00fcr den Sport und bestem Charakter zu z\u00fcchten. Die Stuten d\u00fcrfen ihre Fohlen im Herdenverband aufziehen, dies ist der erste Grundstein\u00a0f\u00fcr gesunde und gut sozialisierte Jungpferde. &nbsp;<\/p>\n","protected":false},"author":4,"featured_media":0,"parent":108,"menu_order":2,"comment_status":"closed","ping_status":"closed","template":"","meta":[],"_links":{"self":[{"href":"http:\/\/www.gestuet-pfalzblick.de\/Wordpress\/wp-json\/wp\/v2\/pages\/162"}],"collection":[{"href":"http:\/\/www.gestuet-pfalzblick.de\/Wordpress\/wp-json\/wp\/v2\/pages"}],"about":[{"href":"http:\/\/www.gestuet-pfalzblick.de\/Wordpress\/wp-json\/wp\/v2\/types\/page"}],"author":[{"embeddable":true,"href":"http:\/\/www.gestuet-pfalzblick.de\/Wordpress\/wp-json\/wp\/v2\/users\/4"}],"replies":[{"embeddable":true,"href":"http:\/\/www.gestuet-pfalzblick.de\/Wordpress\/wp-json\/wp\/v2\/comments?post=162"}],"version-history":[{"count":53,"href":"http:\/\/www.gestuet-pfalzblick.de\/Wordpress\/wp-json\/wp\/v2\/pages\/162\/revisions"}],"predecessor-version":[{"id":3838,"href":"http:\/\/www.gestuet-pfalzblick.de\/Wordpress\/wp-json\/wp\/v2\/pages\/162\/revisions\/3838"}],"up":[{"embeddable":true,"href":"http:\/\/www.gestuet-pfalzblick.de\/Wordpress\/wp-json\/wp\/v2\/pages\/108"}],"wp:attachment":[{"href":"http:\/\/www.gestuet-pfalzblick.de\/Wordpress\/wp-json\/wp\/v2\/media?parent=162"}],"curies":[{"name":"wp","href":"https:\/\/api.w.org\/{rel}","templated":true}]}}